
-6
Let a(v) = -9*v**2 - 172*v - 64. Give a(-18).
116
Let f(n) = 56*n + 7097. What is f(-126)?
41
Let t(c) = -c**3 - 17*c**2 - 75*c - 35. Determine t(-7).
0
Let z(t) = -155*t - 1513. Determine z(-10).
37
Let o(w) = w**2 - 18*w - 42. What is o(-2)?
-2
Let g(u) = u**3 - 78*u**2 + 971*u + 1307. Determine g(62).
5
Let a(l) = l**3 + 15*l**2 + 11*l + 8. Calculate a(-14).
50
Let w(z) = 5*z**3 + 53*z**2 - 21*z + 22. What is w(-11)?
11
Let c(w) = -19*w**2 + 778*w + 92. What is c(41)?
51
Let l(t) = -t**3 - 9*t**2 + 10*t + 18. Calculate l(-9).
-72
Let a(b) = -16*b - 9. Give a(-1).
7
Let y(v) = v**2 + 25*v + 66. What is y(-21)?
-18
Let x(l) = -4*l + 254. Calculate x(60).
14
Let b(y) = -343*y + 1366. What is b(4)?
-6
Let f(x) = -31*x + 279. Give f(9).
0
Let r(q) = -4*q**3 + 112*q**2 - 38. What is r(28)?
-38
Let j(v) = -8*v**3 + 157*v**2 + 236*v - 71. Determine j(21).
34
Let g(d) = -9142*d - 91422. Calculate g(-10).
-2
Let h(w) = -2*w**2 - 316*w - 1829. Determine h(-6).
-5
Let o(q) = q**2 - 4*q - 6. What is o(2)?
-10
Let k(t) = 2*t**2 - 46*t - 664. What is k(33)?
-4
Let v(j) = j**3 + 38*j**2 - 30*j - 1188. Determine v(-38).
-48
Let g(l) = -67*l + 2340. What is g(35)?
-5
Let a(m) = -727*m + 9450. Calculate a(13).
-1
Let b(i) = -2*i**3 + 456*i**2 - 449*i - 1168. Give b(227).
-33
Let w(o) = -2*o**2 - 38*o + 104. Determine w(-30).
-556
Let x(h) = 336*h**2 + 21*h + 1. What is x(1)?
358
Let a(y) = y**3 - 2*y**2 - 62*y - 10. Calculate a(9).
-1
Let n(l) = 57*l - 2820. Give n(60).
600
Let v(p) = -10*p + 530. Give v(39).
140
Let z(g) = -13*g**2 + 142*g + 49. Give z(10).
169
Let u(m) = -166*m**2 - 439*m + 6. Calculate u(-3).
-171
Let p(q) = -39*q - 105. Calculate p(-5).
90
Let i(m) = 112*m - 328. Calculate i(3).
8
Let r(w) = -2438*w - 12185. Calculate r(-5).
5
Let j(s) = -s**3 + 41*s**2 - 271*s + 229. What is j(33)?
-2
Let d(o) = o**3 + 11*o**2 + 27*o + 129. Determine d(-10).
-41
Let l(h) = h**3 - 15*h**2 + 60*h + 5. Give l(7).
33
Let j(o) = o**3 + 2*o + 34. Give j(0).
34
Let m(q) = -43*q - 400. Give m(-5).
-185
Let i(v) = 67*v - 1622. What is i(15)?
-617
Let l(p) = -4*p**2 - 12*p + 66. Determine l(3).
-6
Let j(g) = -23*g - 150. What is j(-10)?
80
Let n(r) = r**2 + r - 1103. What is n(33)?
19
Let g(s) = 772*s + 6953. Give g(-9).
5
Let q(r) = 7*r**2 - 8*r - 137. Determine q(-4).
7
Let s(f) = -f**2 + 293*f + 4302. Calculate s(-14).
4
Let x(o) = -50*o**2 - 3*o. Determine x(-2).
-194
Let u(i) = i**3 - 15*i**2 - 8*i + 67. What is u(15)?
-53
Let h(x) = -112*x - 2385. Calculate h(-21).
-33
Let z(g) = -17*g + 203. Give z(14).
-35
Let c(l) = l**3 - 36*l**2 + 211*l - 244. What is c(29)?
-12
Let u(p) = p**2 + 116*p + 890. Calculate u(-8).
26
Let p(r) = 82*r - 3757. Give p(46).
15
Let i(r) = -r**3 + 19*r**2 - 59*r + 105. Determine i(16).
-71
Let l(m) = 2*m - 494. What is l(-60)?
-614
Let h(a) = 2*a**3 - 15*a**2 - 2*a - 5. Give h(8).
43
Let m(j) = 3*j**3 + 218*j**2 - 75*j - 140. Give m(-73).
6
Let u(n) = n**3 + 16*n**2 + 76*n + 682. Determine u(-14).
10
Let m(t) = -2*t**3 - 2*t**2 - 3*t - 379. Determine m(0).
-379
Let f(d) = d**2 + 20*d - 193. Determine f(-28).
31
Let b(p) = -5*p + 107. Calculate b(-19).
202
Let i(k) = k**2 - 87*k + 538. Give i(7).
-22
Let l(g) = -92*g**2 + 8739*g + 84. Determine l(95).
-11
Let k(p) = 4*p**3 + 125*p**2 + 29*p - 61. Calculate k(-31).
1
Let m(g) = g + 106. What is m(-29)?
77
Let z(f) = -15*f - 139. Determine z(-9).
-4
Let j(f) = -f**2 - 55*f + 1141. What is j(-71)?
5
Let t(n) = n**3 + 9*n**2 - 76*n - 683. Give t(-8).
-11
Let d(n) = -34*n - 522. Calculate d(-18).
90
Let g(w) = -w**2 + 98*w - 4. Give g(0).
-4
Let l(w) = 13*w**2 - 652*w + 36. Give l(49).
-699
Let r(o) = -636*o - 5076. Calculate r(-8).
12
Let p(l) = -10*l**2 - 200*l - 199. Determine p(-1).
-9
Let p(u) = u**2 - 40*u - 1369. Calculate p(-22).
-5
Let j(o) = -2*o**2 - 192*o + 1012. Give j(5).
2
Let r(i) = 45636*i + 91266. What is r(-2)?
-6
Let h(y) = -2211*y - 17719. Determine h(-8).
-31
Let i(l) = -4*l**2 + 33*l - 72. Determine i(5).
-7
Let g(d) = -36*d + 494. Determine g(15).
-46
Let j(f) = 7*f + 154. Determine j(-3).
133
Let z(o) = -87*o + 5127. Calculate z(59).
-6
Let n(m) = m**3 + 225*m**2 + 1034*m - 14525. Calculate n(-220).
-5
Let r(y) = -13*y**3 + 30*y**2 + 177*y - 9. Calculate r(5).
1
Let p(y) = 5*y**2 + 412*y + 6718. Calculate p(-60).
-2
Let l(k) = -k**3 + 35*k**2 + 197*k + 5. Calculate l(-5).
20
Let g(w) = w**3 - 6*w**2 - 5*w - 25. What is g(7)?
-11
Let l(g) = -3*g**3 + 17*g**2 + 15*g - 47. Determine l(6).
7
Let x(q) = -18*q - 524. Calculate x(-25).
-74
Let z(u) = -146*u**2 + 6*u + 1. Calculate z(1).
-139
Let w(s) = -s**3 + 21*s**2 - 70*s + 20. What is w(17)?
-14
Let z(j) = -120*j + 670. What is z(6)?
-50
Let l(r) = 6*r**2 + 45*r + 10. What is l(-6)?
-44
Let o(j) = 7*j**2 - 3*j + 49. Give o(5).
209
Let m(f) = f**2 - 14*f + 12. Determine m(14).
12
Let o(y) = 38*y + 808. Determine o(-21).
10
Let p(s) = -2*s**2 + 30*s - 57. Calculate p(24).
-489
Let c(q) = -58*q**2 + 4*q - 3. Calculate c(1).
-57
Let u(l) = -66*l + 4493. What is u(68)?
5
Let h(b) = -5*b**2 - 20*b + 1. Give h(-7).
-104
Let w(b) = -2*b + 105. Give w(-60).
225
Let k(c) = c**3 - 18*c**2 + 88*c - 16. Calculate k(10).
64
Let w(i) = i**2 - 21*i - 159. Determine w(-6).
3
Let s(v) = -3*v**3 - 48*v**2 - 71*v - 356. What is s(-15)?
34
Let v(c) = -c**2 - 18*c + 1126. Determine v(-44).
-18
Let d(x) = -4*x**3 - 4*x**2 - 10*x - 5. Give d(4).
-365
Let h(a) = -20*a**3 - 2*a**2 - 72*a + 73. What is h(1)?
-21
Let x(w) = -704*w + 249. Give x(1).
-455
Let x(y) = 5*y**3 + 73*y**2 - 24*y - 72. Determine x(-15).
-162
Let a(b) = 30*b**2 - 86*b - 6. Determine a(4).
130
Let y(s) = 53*s + 2230. Give y(-42).
4
Let g(j) = 44*j + 230. What is g(-5)?
10
Let p(h) = -h**3 + 89*h**2 + 2*h - 186. Determine p(89).
-8
Let z(g) = 2*g**3 + 48*g**2 + 17*g + 419. Determine z(-24).
11
Let g(a) = a**3 - 30*a**2 + 38*a - 58. Give g(29).
203
Let s(o) = 328*o + 10165. Give s(-31).
-3
Let w(a) = -97*a + 5332. Give w(55).
-3
Let d(l) = -6*l**2 - 741*l - 2238. Give d(-3).
-69
Let x(n) = -3*n**3 - 26*n**2 + 59*n - 45. Give x(-10).
-235
Let a(m) = -572*m - 5145. Calculate a(-9).
3
Let b(i) = 2*i**2 + 540*i + 22349. Determine b(-51).
11
Let h(a) = 125*a + 9378. Calculate h(-75).
3
Let u(i) = i**3 - 18*i**2 + 37*i - 92. What is u(16)?
-12
Let t(j) = -j**2 + 11*j + 2. Calculate t(12).
-10
Let g(r) = 5*r**3 + 320*r**2 + 1200*r + 1. What is g(-60)?
1
Let q(w) = w**3 - 120*w**2 + 1748*w + 360. Determine q(103).
51
Let k(d) = 67*d**2 - 10*d - 20. Determine k(2).
228
Let r(g) = 295*g - 877. Calculate r(3).
8
Let o(w) = w**3 + 33*w**2 + 33*w - 897. Calculate o(-31).
2
Let j(l) = -l**3 + 196*l + 13. Give j(-14).
13
Let g(c) = -c**3 + 54*c**2 - 47*c - 317. What is g(53)?
1
Let l(p) = 134*p**2 + 47*p + 101. Calculate l(-2).
543
Let m(y) = 4*y**3 - 142*y**2 - 77*y + 132. Give m(36).
-48
Let o(j) = j**3 + 8*j**2 + 4*j + 79. Calculate o(-8).
47
Let j(p) = -9*p**2 - p - 36. Calculate j(0).
-36
Let y(i) = i**2 - 178*i + 861. Calculate y(5).
-4
Let g(k) = k**2 - 5*k + 3. What is g(-4)?
39
Let j(o) = -112*o - 545. Give j(-5).
15
Let h(c) = -37*c - 265. What is h(6)?
-487
Let n(c) = -2531*c + 15180. Calculate n(6).
-6
Let g(m) = -m**3 + 25*m**2 + 29*m - 9. Give g(26).
69
Let u(j) = j**3 - 56*j**2 + 208*j - 13. Calculate u(52).
-13
Let u(p) = -25*p**2 + 155*p - 14. Calculate u(6).
16
Let i(r) = 115*r + 752. Determine i(-5).
177
Let b(z) = -8*z + 263. What is b(30)?
23
Let g(j) = -j**2 + 19*j - 120. Calculate g(14).
-50
Let p(x) = -x**3 - 3*x**2 - 4*x - 50. What is p(-5)?
20
Let p(j) = -209*j**3 - j**2 + 21*j + 22. Give p(-1).
209
Let z(a) = 33*a**2 - 858*a - 5. What is z(26)?
-5
Let r(o) = o**2 - 205*o + 1275. Calculate r(6).
81
Let w(b) = b**3 - 27*b**2 - 90*b + 2480. Calculate w(27).
50
Let r(x) = -x**3 + 5*x + 1. Give r(2).
3
Let h(r) = r**3 + 25*r**2 + 139*r - 71. Determine h(-17).
-122
Let y(p) = 9*p**2 - 782*p + 1572. Give y(2).
44
Let h(k) = k**3 - 14*k**2 - 26*k + 64. Give h(15).
-101
Let d(x) = 290*x + 4985. Determine d(-17).
55
Let n(q) = 2*q**2 - 69*q + 83. Calculate n(31).
-134
Let f(b) = 9*b - 465. Calculate f(40).
-105
Let k(p) = p**2 + 8*p - 9. Calculate k(-9).
0
Let p(a) = a**2 + 122*a + 1661. What is p(-16)?
-35
Let f(j) = 6*j**2 - 20*j + 119. Determine f(7).
273
Let